{"id":1709,"date":"2018-03-05T15:56:48","date_gmt":"2018-03-05T15:56:48","guid":{"rendered":"http:\/\/m-interijer.hr\/site\/?page_id=1709"},"modified":"2018-03-05T15:56:48","modified_gmt":"2018-03-05T15:56:48","slug":"cucine","status":"publish","type":"page","link":"https:\/\/m-interijer.hr\/site\/cucine\/?lang=it","title":{"rendered":"Cucine"},"content":{"rendered":"<p>[et_pb_section bb_built=&#8221;1&#8243; _builder_version=&#8221;3.0.105&#8243; background_color=&#8221;#ffffff&#8221;][et_pb_row][et_pb_column type=&#8221;4_4&#8243;][et_pb_blurb _builder_version=&#8221;3.0.105&#8243; use_icon=&#8221;off&#8221; url_new_window=&#8221;off&#8221; title=&#8221;Cucine&#8221; use_circle=&#8221;off&#8221; use_circle_border=&#8221;off&#8221; icon_placement=&#8221;top&#8221; use_icon_font_size=&#8221;off&#8221; background_layout=&#8221;light&#8221; image=&#8221;http:\/\/m-interijer.hr\/site\/wp-content\/uploads\/2018\/02\/Kuhinje.jpg&#8221; content_max_width=&#8221;800px&#8221;]<\/p>\n<p>Le cucine sono il nostro prodotto pi\u00f9 importante, ed \u00e8 grazie alla loro qualit\u00e0 e funzionalit\u00e0, che M INTERIJERI ha lasciato il segno prima nella zona di Parenzo, e negli ultimi anni anche in tutta l&#8217;Istria. Nella produzione di cucine e di tutti gli altri prodotti DIAMO IL MEGLIO.<\/p>\n<p>L&#8217;aspetto delle nostre cucine, accanto alle esigenze dei nostri clienti, \u00e8 stato principalmente influenzato dal design della cucina italiana che \u00e8 particolarmente presente a Parenzo e in tutta l&#8217;Istria e per il quale possiamo dire che in queste zone mediterranee ha avuto molto riscontro&#8230;Decidete se anche Voi desiderate questo dalla vostra cucina.<\/p>\n<p>Pertanto, in tutti i nostri prodotti \u00e8 possibile trovare lo stile classico con linee, colori e finiture moderne. Le nostre soluzioni d&#8217;arredo contribuiscono ad una massima funzionalit\u00e0 della cucina moderna, la cucina su misura dei vostri spazi..<\/p>\n<p>La cucina al giorno d&#8217;oggi non \u00e8 solo un luogo di lavoro ma anche un luogo di convivialit\u00e0: vogliamo avere una cucina diversa, che con ogni suo centimetro si adatter\u00e0 perfettamente all&#8217;ambiente.<\/p>\n<p>Ognuno ha in casa propria un luogo dove si rifugia pi\u00f9 spesso, dove sta meglio: la cucina \u00e8 diventata proprio questo, un posto dove si sta insieme il pi\u00f9 possibile e non certo solo per preparare e consumare i pasti. Noi del M INTERIJERI vi aiuteremo a creare la cucina ideale per voi.<\/p>\n<p>Benvenuti nel nostro mondo di 3000 colori e design diversi delle cucine pi\u00f9 moderne &#8230;<\/p>\n<p>[\/et_pb_blurb][\/et_pb_column][\/et_pb_row][et_pb_row _builder_version=&#8221;3.0.105&#8243; use_custom_width=&#8221;on&#8221; custom_width_px=&#8221;800px&#8221;][et_pb_column type=&#8221;1_4&#8243;][et_pb_blurb _builder_version=&#8221;3.0.105&#8243; use_icon=&#8221;off&#8221; image=&#8221;http:\/\/m-interijer.hr\/site\/wp-content\/uploads\/2018\/02\/Kuhinja-Modern-126.jpg&#8221; url=&#8221;http:\/\/m-interijer.hr\/site\/kuhinje\/moderne-kuhinje\/&#8221; url_new_window=&#8221;off&#8221; title=&#8221;Moderno&#8221; use_circle=&#8221;off&#8221; use_circle_border=&#8221;off&#8221; icon_placement=&#8221;top&#8221; use_icon_font_size=&#8221;off&#8221; background_layout=&#8221;light&#8221; animation_style=&#8221;fade&#8221; \/][\/et_pb_column][et_pb_column type=&#8221;1_4&#8243;][et_pb_blurb _builder_version=&#8221;3.0.105&#8243; use_icon=&#8221;off&#8221; image=&#8221;http:\/\/m-interijer.hr\/site\/wp-content\/uploads\/2018\/02\/Kuhinja-Medijapan-084.jpg&#8221; url=&#8221;http:\/\/m-interijer.hr\/site\/kuhinje\/medijapan-kuhinje\/&#8221; url_new_window=&#8221;off&#8221; title=&#8221;MDF&#8221; use_circle=&#8221;off&#8221; use_circle_border=&#8221;off&#8221; icon_placement=&#8221;top&#8221; use_icon_font_size=&#8221;off&#8221; background_layout=&#8221;light&#8221; \/][\/et_pb_column][et_pb_column type=&#8221;1_4&#8243;][et_pb_blurb _builder_version=&#8221;3.0.105&#8243; use_icon=&#8221;off&#8221; image=&#8221;http:\/\/m-interijer.hr\/site\/wp-content\/uploads\/2018\/02\/Kuhinja-masiv-28.jpg&#8221; url=&#8221;http:\/\/m-interijer.hr\/site\/kuhinje\/masiv-kuhinje\/&#8221; url_new_window=&#8221;off&#8221; title=&#8221;In legno massiccio&#8221; use_circle=&#8221;off&#8221; use_circle_border=&#8221;off&#8221; icon_placement=&#8221;top&#8221; use_icon_font_size=&#8221;off&#8221; background_layout=&#8221;light&#8221; \/][\/et_pb_column][et_pb_column type=&#8221;1_4&#8243;][et_pb_blurb _builder_version=&#8221;3.0.105&#8243; use_icon=&#8221;off&#8221; image=&#8221;http:\/\/m-interijer.hr\/site\/wp-content\/uploads\/2018\/02\/Kuhinja-Ostalo-19.jpg&#8221; url=&#8221;http:\/\/m-interijer.hr\/site\/kuhinje\/ostale-kuhinje\/&#8221; url_new_window=&#8221;off&#8221; title=&#8221;Altrui&#8221; use_circle=&#8221;off&#8221; use_circle_border=&#8221;off&#8221; icon_placement=&#8221;top&#8221; use_icon_font_size=&#8221;off&#8221; background_layout=&#8221;light&#8221; \/][\/et_pb_column][\/et_pb_row][\/et_pb_section]<\/p>\n","protected":false},"excerpt":{"rendered":"<p>[et_pb_section bb_built=&#8221;1&#8243; _builder_version=&#8221;3.0.105&#8243; background_color=&#8221;#ffffff&#8221;][et_pb_row][et_pb_column type=&#8221;4_4&#8243;][et_pb_blurb _builder_version=&#8221;3.0.105&#8243; use_icon=&#8221;off&#8221; url_new_window=&#8221;off&#8221; title=&#8221;Cucine&#8221; use_circle=&#8221;off&#8221; use_circle_border=&#8221;off&#8221; icon_placement=&#8221;top&#8221; use_icon_font_size=&#8221;off&#8221; background_layout=&#8221;light&#8221; image=&#8221;http:\/\/m-interijer.hr\/site\/wp-content\/uploads\/2018\/02\/Kuhinje.jpg&#8221; content_max_width=&#8221;800px&#8221;] Le cucine sono il nostro prodotto pi\u00f9 importante, ed \u00e8 grazie alla loro qualit\u00e0 e funzionalit\u00e0, che M INTERIJERI ha lasciato il segno prima nella zona di Parenzo, e negli ultimi anni anche in tutta l&#8217;Istria. Nella produzione di [&hellip;]<\/p>\n","protected":false},"author":1,"featured_media":0,"parent":0,"menu_order":0,"comment_status":"closed","ping_status":"closed","template":"","meta":{"_et_pb_use_builder":"on","_et_pb_old_content":"","footnotes":""},"class_list":["post-1709","page","type-page","status-publish","hentry"],"yoast_head":"<!-- This site is optimized with the Yoast SEO plugin v24.6 - https:\/\/yoast.com\/wordpress\/plugins\/seo\/ -->\n<title>Cucine - M-interijer<\/title>\n<meta name=\"robots\" content=\"index, follow, max-snippet:-1, max-image-preview:large, max-video-preview:-1\" \/>\n<link rel=\"canonical\" href=\"https:\/\/m-interijer.hr\/site\/cucine\/?lang=it\" \/>\n<meta property=\"og:locale\" content=\"it_IT\" \/>\n<meta property=\"og:type\" content=\"article\" \/>\n<meta property=\"og:title\" content=\"Cucine - M-interijer\" \/>\n<meta property=\"og:description\" content=\"[et_pb_section bb_built=&#8221;1&#8243; _builder_version=&#8221;3.0.105&#8243; background_color=&#8221;#ffffff&#8221;][et_pb_row][et_pb_column type=&#8221;4_4&#8243;][et_pb_blurb _builder_version=&#8221;3.0.105&#8243; use_icon=&#8221;off&#8221; url_new_window=&#8221;off&#8221; title=&#8221;Cucine&#8221; use_circle=&#8221;off&#8221; use_circle_border=&#8221;off&#8221; icon_placement=&#8221;top&#8221; use_icon_font_size=&#8221;off&#8221; background_layout=&#8221;light&#8221; image=&#8221;http:\/\/m-interijer.hr\/site\/wp-content\/uploads\/2018\/02\/Kuhinje.jpg&#8221; content_max_width=&#8221;800px&#8221;] Le cucine sono il nostro prodotto pi\u00f9 importante, ed \u00e8 grazie alla loro qualit\u00e0 e funzionalit\u00e0, che M INTERIJERI ha lasciato il segno prima nella zona di Parenzo, e negli ultimi anni anche in tutta l&#8217;Istria. Nella produzione di [&hellip;]\" \/>\n<meta property=\"og:url\" content=\"https:\/\/m-interijer.hr\/site\/cucine\/?lang=it\" \/>\n<meta property=\"og:site_name\" content=\"M-interijer\" \/>\n<meta name=\"twitter:card\" content=\"summary_large_image\" \/>\n<meta name=\"twitter:label1\" content=\"Tempo di lettura stimato\" \/>\n\t<meta name=\"twitter:data1\" content=\"3 minuti\" \/>\n<script type=\"application\/ld+json\" class=\"yoast-schema-graph\">{\"@context\":\"https:\/\/schema.org\",\"@graph\":[{\"@type\":\"WebPage\",\"@id\":\"https:\/\/m-interijer.hr\/site\/cucine\/?lang=it\",\"url\":\"https:\/\/m-interijer.hr\/site\/cucine\/?lang=it\",\"name\":\"Cucine - M-interijer\",\"isPartOf\":{\"@id\":\"https:\/\/m-interijer.hr\/site\/#website\"},\"datePublished\":\"2018-03-05T15:56:48+00:00\",\"breadcrumb\":{\"@id\":\"https:\/\/m-interijer.hr\/site\/cucine\/?lang=it#breadcrumb\"},\"inLanguage\":\"it-IT\",\"potentialAction\":[{\"@type\":\"ReadAction\",\"target\":[\"https:\/\/m-interijer.hr\/site\/cucine\/?lang=it\"]}]},{\"@type\":\"BreadcrumbList\",\"@id\":\"https:\/\/m-interijer.hr\/site\/cucine\/?lang=it#breadcrumb\",\"itemListElement\":[{\"@type\":\"ListItem\",\"position\":1,\"name\":\"Po\u010detna stranica\",\"item\":\"https:\/\/m-interijer.hr\/site\/?lang=it\"},{\"@type\":\"ListItem\",\"position\":2,\"name\":\"Cucine\"}]},{\"@type\":\"WebSite\",\"@id\":\"https:\/\/m-interijer.hr\/site\/#website\",\"url\":\"https:\/\/m-interijer.hr\/site\/\",\"name\":\"M-interijer\",\"description\":\"Namje\u0161taj po mjeri\",\"publisher\":{\"@id\":\"https:\/\/m-interijer.hr\/site\/#organization\"},\"inLanguage\":\"it-IT\"},{\"@type\":\"Organization\",\"@id\":\"https:\/\/m-interijer.hr\/site\/#organization\",\"name\":\"M interijer\",\"url\":\"https:\/\/m-interijer.hr\/site\/\",\"logo\":{\"@type\":\"ImageObject\",\"inLanguage\":\"it-IT\",\"@id\":\"https:\/\/m-interijer.hr\/site\/#\/schema\/logo\/image\/\",\"url\":\"https:\/\/m-interijer.hr\/site\/wp-content\/uploads\/2018\/02\/logo_final.jpg\",\"contentUrl\":\"https:\/\/m-interijer.hr\/site\/wp-content\/uploads\/2018\/02\/logo_final.jpg\",\"width\":864,\"height\":262,\"caption\":\"M interijer\"},\"image\":{\"@id\":\"https:\/\/m-interijer.hr\/site\/#\/schema\/logo\/image\/\"}}]}<\/script>\n<!-- \/ Yoast SEO plugin. -->","yoast_head_json":{"title":"Cucine - M-interijer","robots":{"index":"index","follow":"follow","max-snippet":"max-snippet:-1","max-image-preview":"max-image-preview:large","max-video-preview":"max-video-preview:-1"},"canonical":"https:\/\/m-interijer.hr\/site\/cucine\/?lang=it","og_locale":"it_IT","og_type":"article","og_title":"Cucine - M-interijer","og_description":"[et_pb_section bb_built=&#8221;1&#8243; _builder_version=&#8221;3.0.105&#8243; background_color=&#8221;#ffffff&#8221;][et_pb_row][et_pb_column type=&#8221;4_4&#8243;][et_pb_blurb _builder_version=&#8221;3.0.105&#8243; use_icon=&#8221;off&#8221; url_new_window=&#8221;off&#8221; title=&#8221;Cucine&#8221; use_circle=&#8221;off&#8221; use_circle_border=&#8221;off&#8221; icon_placement=&#8221;top&#8221; use_icon_font_size=&#8221;off&#8221; background_layout=&#8221;light&#8221; image=&#8221;http:\/\/m-interijer.hr\/site\/wp-content\/uploads\/2018\/02\/Kuhinje.jpg&#8221; content_max_width=&#8221;800px&#8221;] Le cucine sono il nostro prodotto pi\u00f9 importante, ed \u00e8 grazie alla loro qualit\u00e0 e funzionalit\u00e0, che M INTERIJERI ha lasciato il segno prima nella zona di Parenzo, e negli ultimi anni anche in tutta l&#8217;Istria. Nella produzione di [&hellip;]","og_url":"https:\/\/m-interijer.hr\/site\/cucine\/?lang=it","og_site_name":"M-interijer","twitter_card":"summary_large_image","twitter_misc":{"Tempo di lettura stimato":"3 minuti"},"schema":{"@context":"https:\/\/schema.org","@graph":[{"@type":"WebPage","@id":"https:\/\/m-interijer.hr\/site\/cucine\/?lang=it","url":"https:\/\/m-interijer.hr\/site\/cucine\/?lang=it","name":"Cucine - M-interijer","isPartOf":{"@id":"https:\/\/m-interijer.hr\/site\/#website"},"datePublished":"2018-03-05T15:56:48+00:00","breadcrumb":{"@id":"https:\/\/m-interijer.hr\/site\/cucine\/?lang=it#breadcrumb"},"inLanguage":"it-IT","potentialAction":[{"@type":"ReadAction","target":["https:\/\/m-interijer.hr\/site\/cucine\/?lang=it"]}]},{"@type":"BreadcrumbList","@id":"https:\/\/m-interijer.hr\/site\/cucine\/?lang=it#breadcrumb","itemListElement":[{"@type":"ListItem","position":1,"name":"Po\u010detna stranica","item":"https:\/\/m-interijer.hr\/site\/?lang=it"},{"@type":"ListItem","position":2,"name":"Cucine"}]},{"@type":"WebSite","@id":"https:\/\/m-interijer.hr\/site\/#website","url":"https:\/\/m-interijer.hr\/site\/","name":"M-interijer","description":"Namje\u0161taj po mjeri","publisher":{"@id":"https:\/\/m-interijer.hr\/site\/#organization"},"inLanguage":"it-IT"},{"@type":"Organization","@id":"https:\/\/m-interijer.hr\/site\/#organization","name":"M interijer","url":"https:\/\/m-interijer.hr\/site\/","logo":{"@type":"ImageObject","inLanguage":"it-IT","@id":"https:\/\/m-interijer.hr\/site\/#\/schema\/logo\/image\/","url":"https:\/\/m-interijer.hr\/site\/wp-content\/uploads\/2018\/02\/logo_final.jpg","contentUrl":"https:\/\/m-interijer.hr\/site\/wp-content\/uploads\/2018\/02\/logo_final.jpg","width":864,"height":262,"caption":"M interijer"},"image":{"@id":"https:\/\/m-interijer.hr\/site\/#\/schema\/logo\/image\/"}}]}},"_links":{"self":[{"href":"https:\/\/m-interijer.hr\/site\/wp-json\/wp\/v2\/pages\/1709\/?lang=it"}],"collection":[{"href":"https:\/\/m-interijer.hr\/site\/wp-json\/wp\/v2\/pages\/?lang=it"}],"about":[{"href":"https:\/\/m-interijer.hr\/site\/wp-json\/wp\/v2\/types\/page\/?lang=it"}],"author":[{"embeddable":true,"href":"https:\/\/m-interijer.hr\/site\/wp-json\/wp\/v2\/users\/1\/?lang=it"}],"replies":[{"embeddable":true,"href":"https:\/\/m-interijer.hr\/site\/wp-json\/wp\/v2\/comments\/?lang=it&post=1709"}],"version-history":[{"count":1,"href":"https:\/\/m-interijer.hr\/site\/wp-json\/wp\/v2\/pages\/1709\/revisions\/?lang=it"}],"predecessor-version":[{"id":1710,"href":"https:\/\/m-interijer.hr\/site\/wp-json\/wp\/v2\/pages\/1709\/revisions\/1710\/?lang=it"}],"wp:attachment":[{"href":"https:\/\/m-interijer.hr\/site\/wp-json\/wp\/v2\/media\/?lang=it&parent=1709"}],"curies":[{"name":"wp","href":"https:\/\/api.w.org\/{rel}","templated":true}]}}

<p>[et_pb_section bb_built=&#8221;1&#8243; _builder_version=&#8221;3.0.105&#8243; background_color=&#8221;#ffffff&#8221;][et_pb_row][et_pb_column type=&#8221;4_4&#8243;][et_pb_blurb _builder_version=&#8221;3.0.105&#8243; use_icon=&#8221;off&#8221; url_new_window=&#8221;off&#8221; title=&#8221;Cucine&#8221; use_circle=&#8221;off&#8221; use_circle_border=&#8221;off&#8221; icon_placement=&#8221;top&#8221; use_icon_font_size=&#8221;off&#8221; background_layout=&#8221;light&#8221; image=&#8221;http://m-interijer.hr/site/wp-content/uploads/2018/02/Kuhinje.jpg&#8221; content_max_width=&#8221;800px&#8221;]</p>
<p>Le cucine sono il nostro prodotto più importante, ed è grazie alla loro qualità e funzionalità, che M INTERIJERI ha lasciato il segno prima nella zona di Parenzo, e negli ultimi anni anche in tutta l&#8217;Istria. Nella produzione di cucine e di tutti gli altri prodotti DIAMO IL MEGLIO.</p>
<p>L&#8217;aspetto delle nostre cucine, accanto alle esigenze dei nostri clienti, è stato principalmente influenzato dal design della cucina italiana che è particolarmente presente a Parenzo e in tutta l&#8217;Istria e per il quale possiamo dire che in queste zone mediterranee ha avuto molto riscontro&#8230;Decidete se anche Voi desiderate questo dalla vostra cucina.</p>
<p>Pertanto, in tutti i nostri prodotti è possibile trovare lo stile classico con linee, colori e finiture moderne. Le nostre soluzioni d&#8217;arredo contribuiscono ad una massima funzionalità della cucina moderna, la cucina su misura dei vostri spazi..</p>
<p>La cucina al giorno d&#8217;oggi non è solo un luogo di lavoro ma anche un luogo di convivialità: vogliamo avere una cucina diversa, che con ogni suo centimetro si adatterà perfettamente all&#8217;ambiente.</p>
<p>Ognuno ha in casa propria un luogo dove si rifugia più spesso, dove sta meglio: la cucina è diventata proprio questo, un posto dove si sta insieme il più possibile e non certo solo per preparare e consumare i pasti. Noi del M INTERIJERI vi aiuteremo a creare la cucina ideale per voi.</p>
<p>Benvenuti nel nostro mondo di 3000 colori e design diversi delle cucine più moderne &#8230;</p>
<p>[/et_pb_blurb][/et_pb_column][/et_pb_row][et_pb_row _builder_version=&#8221;3.0.105&#8243; use_custom_width=&#8221;on&#8221; custom_width_px=&#8221;800px&#8221;][et_pb_column type=&#8221;1_4&#8243;][et_pb_blurb _builder_version=&#8221;3.0.105&#8243; use_icon=&#8221;off&#8221; image=&#8221;http://m-interijer.hr/site/wp-content/uploads/2018/02/Kuhinja-Modern-126.jpg&#8221; url=&#8221;http://m-interijer.hr/site/kuhinje/moderne-kuhinje/&#8221; url_new_window=&#8221;off&#8221; title=&#8221;Moderno&#8221; use_circle=&#8221;off&#8221; use_circle_border=&#8221;off&#8221; icon_placement=&#8221;top&#8221; use_icon_font_size=&#8221;off&#8221; background_layout=&#8221;light&#8221; animation_style=&#8221;fade&#8221; /][/et_pb_column][et_pb_column type=&#8221;1_4&#8243;][et_pb_blurb _builder_version=&#8221;3.0.105&#8243; use_icon=&#8221;off&#8221; image=&#8221;http://m-interijer.hr/site/wp-content/uploads/2018/02/Kuhinja-Medijapan-084.jpg&#8221; url=&#8221;http://m-interijer.hr/site/kuhinje/medijapan-kuhinje/&#8221; url_new_window=&#8221;off&#8221; title=&#8221;MDF&#8221; use_circle=&#8221;off&#8221; use_circle_border=&#8221;off&#8221; icon_placement=&#8221;top&#8221; use_icon_font_size=&#8221;off&#8221; background_layout=&#8221;light&#8221; /][/et_pb_column][et_pb_column type=&#8221;1_4&#8243;][et_pb_blurb _builder_version=&#8221;3.0.105&#8243; use_icon=&#8221;off&#8221; image=&#8221;http://m-interijer.hr/site/wp-content/uploads/2018/02/Kuhinja-masiv-28.jpg&#8221; url=&#8221;http://m-interijer.hr/site/kuhinje/masiv-kuhinje/&#8221; url_new_window=&#8221;off&#8221; title=&#8221;In legno massiccio&#8221; use_circle=&#8221;off&#8221; use_circle_border=&#8221;off&#8221; icon_placement=&#8221;top&#8221; use_icon_font_size=&#8221;off&#8221; background_layout=&#8221;light&#8221; /][/et_pb_column][et_pb_column type=&#8221;1_4&#8243;][et_pb_blurb _builder_version=&#8221;3.0.105&#8243; use_icon=&#8221;off&#8221; image=&#8221;http://m-interijer.hr/site/wp-content/uploads/2018/02/Kuhinja-Ostalo-19.jpg&#8221; url=&#8221;http://m-interijer.hr/site/kuhinje/ostale-kuhinje/&#8221; url_new_window=&#8221;off&#8221; title=&#8221;Altrui&#8221; use_circle=&#8221;off&#8221; use_circle_border=&#8221;off&#8221; icon_placement=&#8221;top&#8221; use_icon_font_size=&#8221;off&#8221; background_layout=&#8221;light&#8221; /][/et_pb_column][/et_pb_row][/et_pb_section]</p>

<p>[et_pb_section bb_built=&#8221;1&#8243; _builder_version=&#8221;3.0.105&#8243; background_color=&#8221;#ffffff&#8221;][et_pb_row][et_pb_column type=&#8221;4_4&#8243;][et_pb_blurb _builder_version=&#8221;3.0.105&#8243; use_icon=&#8221;off&#8221; url_new_window=&#8221;off&#8221; title=&#8221;Cucine&#8221; use_circle=&#8221;off&#8221; use_circle_border=&#8221;off&#8221; icon_placement=&#8221;top&#8221; use_icon_font_size=&#8221;off&#8221; background_layout=&#8221;light&#8221; image=&#8221;http://m-interijer.hr/site/wp-content/uploads/2018/02/Kuhinje.jpg&#8221; content_max_width=&#8221;800px&#8221;] Le cucine sono il nostro prodotto più importante, ed è grazie alla loro qualità e funzionalità, che M INTERIJERI ha lasciato il segno prima nella zona di Parenzo, e negli ultimi anni anche in tutta l&#8217;Istria. Nella produzione di [&hellip;]</p>

<!-- This site is optimized with the Yoast SEO plugin v24.6 - https://yoast.com/wordpress/plugins/seo/ -->
<title>Cucine - M-interijer</title>
<meta name="robots" content="index, follow, max-snippet:-1, max-image-preview:large, max-video-preview:-1" />
<link rel="canonical" href="https://m-interijer.hr/site/cucine/?lang=it" />
<meta property="og:locale" content="it_IT" />
<meta property="og:type" content="article" />
<meta property="og:title" content="Cucine - M-interijer" />
<meta property="og:description" content="[et_pb_section bb_built=&#8221;1&#8243; _builder_version=&#8221;3.0.105&#8243; background_color=&#8221;#ffffff&#8221;][et_pb_row][et_pb_column type=&#8221;4_4&#8243;][et_pb_blurb _builder_version=&#8221;3.0.105&#8243; use_icon=&#8221;off&#8221; url_new_window=&#8221;off&#8221; title=&#8221;Cucine&#8221; use_circle=&#8221;off&#8221; use_circle_border=&#8221;off&#8221; icon_placement=&#8221;top&#8221; use_icon_font_size=&#8221;off&#8221; background_layout=&#8221;light&#8221; image=&#8221;http://m-interijer.hr/site/wp-content/uploads/2018/02/Kuhinje.jpg&#8221; content_max_width=&#8221;800px&#8221;] Le cucine sono il nostro prodotto più importante, ed è grazie alla loro qualità e funzionalità, che M INTERIJERI ha lasciato il segno prima nella zona di Parenzo, e negli ultimi anni anche in tutta l&#8217;Istria. Nella produzione di [&hellip;]" />
<meta property="og:url" content="https://m-interijer.hr/site/cucine/?lang=it" />
<meta property="og:site_name" content="M-interijer" />
<meta name="twitter:card" content="summary_large_image" />
<meta name="twitter:label1" content="Tempo di lettura stimato" />
	<meta name="twitter:data1" content="3 minuti" />
<script type="application/ld+json" class="yoast-schema-graph">{"@context":"https://schema.org","@graph":[{"@type":"WebPage","@id":"https://m-interijer.hr/site/cucine/?lang=it","url":"https://m-interijer.hr/site/cucine/?lang=it","name":"Cucine - M-interijer","isPartOf":{"@id":"https://m-interijer.hr/site/#website"},"datePublished":"2018-03-05T15:56:48+00:00","breadcrumb":{"@id":"https://m-interijer.hr/site/cucine/?lang=it#breadcrumb"},"inLanguage":"it-IT","potentialAction":[{"@type":"ReadAction","target":["https://m-interijer.hr/site/cucine/?lang=it"]}]},{"@type":"BreadcrumbList","@id":"https://m-interijer.hr/site/cucine/?lang=it#breadcrumb","itemListElement":[{"@type":"ListItem","position":1,"name":"Početna stranica","item":"https://m-interijer.hr/site/?lang=it"},{"@type":"ListItem","position":2,"name":"Cucine"}]},{"@type":"WebSite","@id":"https://m-interijer.hr/site/#website","url":"https://m-interijer.hr/site/","name":"M-interijer","description":"Namještaj po mjeri","publisher":{"@id":"https://m-interijer.hr/site/#organization"},"inLanguage":"it-IT"},{"@type":"Organization","@id":"https://m-interijer.hr/site/#organization","name":"M interijer","url":"https://m-interijer.hr/site/","logo":{"@type":"ImageObject","inLanguage":"it-IT","@id":"https://m-interijer.hr/site/#/schema/logo/image/","url":"https://m-interijer.hr/site/wp-content/uploads/2018/02/logo_final.jpg","contentUrl":"https://m-interijer.hr/site/wp-content/uploads/2018/02/logo_final.jpg","width":864,"height":262,"caption":"M interijer"},"image":{"@id":"https://m-interijer.hr/site/#/schema/logo/image/"}}]}</script>
<!-- / Yoast SEO plugin. -->

[et_pb_section bb_built=&#8221;1&#8243; _builder_version=&#8221;3.0.105&#8243; background_color=&#8221;#ffffff&#8221;][et_pb_row][et_pb_column type=&#8221;4_4&#8243;][et_pb_blurb _builder_version=&#8221;3.0.105&#8243; use_icon=&#8221;off&#8221; url_new_window=&#8221;off&#8221; title=&#8221;Cucine&#8221; use_circle=&#8221;off&#8221; use_circle_border=&#8221;off&#8221; icon_placement=&#8221;top&#8221; use_icon_font_size=&#8221;off&#8221; background_layout=&#8221;light&#8221; image=&#8221;http://m-interijer.hr/site/wp-content/uploads/2018/02/Kuhinje.jpg&#8221; content_max_width=&#8221;800px&#8221;] Le cucine sono il nostro prodotto più importante, ed è grazie alla loro qualità e funzionalità, che M INTERIJERI ha lasciato il segno prima nella zona di Parenzo, e negli ultimi anni anche in tutta l&#8217;Istria. Nella produzione di [&hellip;]

Početna stranica

Namještaj po mjeri
