{"id":1385,"date":"2018-02-28T12:14:17","date_gmt":"2018-02-28T12:14:17","guid":{"rendered":"http:\/\/m-interijer.hr\/site\/?page_id=1385"},"modified":"2018-03-11T22:42:42","modified_gmt":"2018-03-11T22:42:42","slug":"oprema","status":"publish","type":"page","link":"https:\/\/m-interijer.hr\/site\/materijali\/oprema\/","title":{"rendered":"Oprema"},"content":{"rendered":"<p>[et_pb_section bb_built=&#8221;1&#8243; background_color=&#8221;#ffffff&#8221; _builder_version=&#8221;3.0.105&#8243;][et_pb_row _builder_version=&#8221;3.0.47&#8243; background_size=&#8221;initial&#8221; background_position=&#8221;top_left&#8221; background_repeat=&#8221;repeat&#8221;][et_pb_column type=&#8221;4_4&#8243;][et_pb_blurb title=&#8221;Materijali &#8211; Oprema&#8221; image=&#8221;http:\/\/m-interijer.hr\/site\/wp-content\/uploads\/2018\/03\/oprema.jpg&#8221; content_max_width=&#8221;800px&#8221; box_shadow_style_image=&#8221;preset2&#8243; _builder_version=&#8221;3.0.106&#8243; header_level=&#8221;h3&#8243; header_font=&#8221;|700|||||||&#8221; use_icon=&#8221;off&#8221;]<\/p>\n<p>Oprema za kuhinje kao i drugi namje\u0161taj u ponudi je od renomiranih Europskih tvrtki ( <a href=\"https:\/\/webshop.schachermayer.com\/cat\/hr-HR\" target=\"_blank\" rel=\"noopener\">SCHACHERMAYER<\/a>, <a href=\"https:\/\/www.haefele.de\/en\/\" target=\"_blank\" rel=\"noopener\">HEFFELE<\/a>,&#8230;). Sve na\u0161e ladice su s amortizerima ( Blum ) u standardnoj opremi, kao i amortizeri na frontama ( <a href=\"https:\/\/www.blum.com\/hr\/hr\/\" target=\"_blank\" rel=\"noopener\">Blum<\/a> ).\u00a0U ponudi imamo veliki izbor dodatne opreme kao \u0161to su: razne okretne police, ocje\u0111iva\u010di, bar konzole, rasvjeta, \u017eice, garderobni liftovi, izvlake za ru\u010dnike, razni podizni okov&#8230;<\/p>\n<p>[\/et_pb_blurb][\/et_pb_column][\/et_pb_row][et_pb_row use_custom_width=&#8221;on&#8221; custom_width_px=&#8221;800px&#8221; _builder_version=&#8221;3.0.105&#8243; global_module=&#8221;1607&#8243;][et_pb_column type=&#8221;1_4&#8243;][et_pb_image admin_label=&#8221;SCH&#8221; global_parent=&#8221;1607&#8243; src=&#8221;http:\/\/m-interijer.hr\/site\/wp-content\/uploads\/2018\/03\/logo-sch.png&#8221; url=&#8221;https:\/\/webshop.schachermayer.com\/cat\/hr-HR&#8221; url_new_window=&#8221;on&#8221; _builder_version=&#8221;3.0.105&#8243; \/][\/et_pb_column][et_pb_column type=&#8221;1_4&#8243;][et_pb_image admin_label=&#8221;Blum&#8221; global_parent=&#8221;1607&#8243; src=&#8221;http:\/\/m-interijer.hr\/site\/wp-content\/uploads\/2018\/03\/logo-blum.png&#8221; url=&#8221;https:\/\/www.blum.com\/hr\/hr\/&#8221; url_new_window=&#8221;on&#8221; _builder_version=&#8221;3.0.105&#8243; \/][\/et_pb_column][et_pb_column type=&#8221;1_4&#8243;][et_pb_image admin_label=&#8221;SigmaPlus&#8221; global_parent=&#8221;1607&#8243; src=&#8221;http:\/\/m-interijer.hr\/site\/wp-content\/uploads\/2018\/03\/logo-sigmaplus.png&#8221; url=&#8221;http:\/\/www.sigma-plus.hr\/index.php&#8221; url_new_window=&#8221;on&#8221; _builder_version=&#8221;3.0.105&#8243; \/][\/et_pb_column][et_pb_column type=&#8221;1_4&#8243;][et_pb_image admin_label=&#8221;Hafele&#8221; global_parent=&#8221;1607&#8243; src=&#8221;http:\/\/m-interijer.hr\/site\/wp-content\/uploads\/2018\/03\/logo-hafele.png&#8221; url=&#8221;https:\/\/www.haefele.de\/en\/&#8221; url_new_window=&#8221;on&#8221; _builder_version=&#8221;3.0.105&#8243; \/][\/et_pb_column][\/et_pb_row][et_pb_row _builder_version=&#8221;3.0.47&#8243; background_size=&#8221;initial&#8221; background_position=&#8221;top_left&#8221; background_repeat=&#8221;repeat&#8221;][et_pb_column type=&#8221;4_4&#8243;][et_pb_blurb content_max_width=&#8221;800px&#8221; _builder_version=&#8221;3.0.105&#8243;]<\/p>\n<p>Od 2008. godine imamo u ponudi prodaju i ugradnju ugradbenih\u00a0elektri\u010dnih aparata\u00a0renomiranih marki prisutnih na hrvatskom tr\u017ei\u0161tu kao \u0161to su\u00a0<strong>GORENJE, SIEMENS, WHIRPOOL, TEKA, MIELE, FABER, LIEBHERR, FRANKE.<\/strong><\/p>\n<p style=\"text-align: center;\"><a href=\"http:\/\/www.gemma.hr\/\" target=\"_blank\" rel=\"noopener\"><img decoding=\"async\" src=\"https:\/\/www.m-interijer.hr\/images\/logo\/gemma.jpg\" alt=\"Image\" height=\"25\" \/>\u00a0\u00a0\u00a0\u00a0<\/a><a href=\"http:\/\/www.bosch-home.com\/hr\/\" target=\"_blank\" rel=\"noopener\"><img decoding=\"async\" src=\"http:\/\/www.m-interijer.hr\/images\/logo\/bosch.gif\" alt=\"Image\" height=\"25\" \/><\/a> <a href=\"http:\/\/www.gorenje.hr\/\" target=\"_blank\" rel=\"noopener\"><img decoding=\"async\" src=\"http:\/\/www.m-interijer.hr\/images\/logo\/gorenje.gif\" alt=\"Image\" height=\"25\" \/><\/a>\u00a0\u00a0\u00a0<a href=\"https:\/\/www.miele.hr\/\" target=\"_blank\" rel=\"noopener\"><img decoding=\"async\" src=\"http:\/\/www.m-interijer.hr\/images\/logo\/miele.gif\" alt=\"Image\" height=\"25\" \/><\/a>\u00a0 \u00a0\u00a0<a href=\"https:\/\/www.electrolux.hr\/\" target=\"_blank\" rel=\"noopener\"><img decoding=\"async\" src=\"http:\/\/www.m-interijer.hr\/images\/logo\/electrolux.gif\" alt=\"Image\" height=\"25\" \/><\/a>\u00a0 \u00a0<a href=\"http:\/\/www.whirlpool.hr\/\" target=\"_blank\" rel=\"noopener\"><img decoding=\"async\" src=\"http:\/\/www.m-interijer.hr\/images\/logo\/whirlpool.gif\" alt=\"Image\" height=\"25\" \/><\/a>\u00a0\u00a0\u00a0\u00a0<a href=\"https:\/\/webshop.schachermayer.com\/cat\/hr-HR\/products\/kuhinjski-uredjaji\/10000_1858_1?query=teka&amp;max=100\" target=\"_blank\" rel=\"noopener\"><img decoding=\"async\" src=\"http:\/\/www.m-interijer.hr\/images\/logo\/teka.gif\" alt=\"Image\" height=\"25\" \/><\/a><\/p>\n<p style=\"text-align: center;\"><img decoding=\"async\" src=\"http:\/\/www.m-interijer.hr\/images\/logo\/zanussi.gif\" alt=\"Image\" height=\"25\" \/>\u00a0 \u00a0 <a href=\"http:\/\/www.gemma.hr\/\" target=\"_blank\" rel=\"noopener\"><img decoding=\"async\" src=\"http:\/\/www.m-interijer.hr\/images\/logo\/liebherr.gif\" alt=\"Image\" height=\"25\" \/>\u00a0\u00a0<\/a>\u00a0\u00a0<img decoding=\"async\" src=\"http:\/\/www.m-interijer.hr\/images\/logo\/siemens.gif\" alt=\"Image\" height=\"25\" \/>\u00a0\u00a0\u00a0<a href=\"http:\/\/www.gemma.hr\/\" target=\"_blank\" rel=\"noopener\"><img decoding=\"async\" src=\"http:\/\/www.m-interijer.hr\/images\/logo\/franke.gif\" alt=\"Image\" height=\"25\" \/>\u00a0\u00a0\u00a0<\/a>\u00a0\u00a0<a href=\"http:\/\/www.gemma.hr\/\" target=\"_blank\" rel=\"noopener\"><img decoding=\"async\" src=\"http:\/\/www.m-interijer.hr\/images\/logo\/faber.gif\" alt=\"Image\" height=\"25\" \/><\/a><\/p>\n<p>Nudimo i mogu\u0107nost bojanja Va\u0161ih starih i novih samostoje\u0107ih elekti\u010dnih aparata kao \u0161to su perilice, fri\u017eideri, mikrovalne pe\u0107nice&#8230;<\/p>\n<p>U\u00a0ponudi imamo veliki izbor sudopera, napa, slavina, rasvijete i druge opreme<\/p>\n<p>[\/et_pb_blurb][\/et_pb_column][\/et_pb_row][\/et_pb_section]<\/p>\n","protected":false},"excerpt":{"rendered":"<p>[et_pb_section bb_built=&#8221;1&#8243; background_color=&#8221;#ffffff&#8221; _builder_version=&#8221;3.0.105&#8243;][et_pb_row _builder_version=&#8221;3.0.47&#8243; background_size=&#8221;initial&#8221; background_position=&#8221;top_left&#8221; background_repeat=&#8221;repeat&#8221;][et_pb_column type=&#8221;4_4&#8243;][et_pb_blurb title=&#8221;Materijali &#8211; Oprema&#8221; image=&#8221;http:\/\/m-interijer.hr\/site\/wp-content\/uploads\/2018\/03\/oprema.jpg&#8221; content_max_width=&#8221;800px&#8221; box_shadow_style_image=&#8221;preset2&#8243; _builder_version=&#8221;3.0.106&#8243; header_level=&#8221;h3&#8243; header_font=&#8221;|700|||||||&#8221; use_icon=&#8221;off&#8221;] Oprema za kuhinje kao i drugi namje\u0161taj u ponudi je od renomiranih Europskih tvrtki ( SCHACHERMAYER, HEFFELE,&#8230;). Sve na\u0161e ladice su s amortizerima ( Blum ) u standardnoj opremi, kao i amortizeri na frontama ( Blum [&hellip;]<\/p>\n","protected":false},"author":1,"featured_media":0,"parent":1370,"menu_order":0,"comment_status":"closed","ping_status":"closed","template":"","meta":{"_et_pb_use_builder":"on","_et_pb_old_content":"","footnotes":""},"class_list":["post-1385","page","type-page","status-publish","hentry"],"yoast_head":"<!-- This site is optimized with the Yoast SEO plugin v24.6 - https:\/\/yoast.com\/wordpress\/plugins\/seo\/ -->\n<title>Oprema - M-interijer<\/title>\n<meta name=\"description\" content=\"Materijali - Oprema Oprema za kuhinje kao i drugi namje\u0161taj u ponudi je od renomiranih Europskih tvrtki ( SCHACHERMAYER, GRASS, WURTH, HEFFELE,...). Sve na\u0161e ladice su s amortizerima ( Tandembox \/ Nova Pro Delux ) u standardnoj opremi, kao i amortizeri na frontama ( Blum ).\" \/>\n<meta name=\"robots\" content=\"index, follow, max-snippet:-1, max-image-preview:large, max-video-preview:-1\" \/>\n<link rel=\"canonical\" href=\"https:\/\/m-interijer.hr\/site\/materijali\/oprema\/\" \/>\n<meta property=\"og:locale\" content=\"hr_HR\" \/>\n<meta property=\"og:type\" content=\"article\" \/>\n<meta property=\"og:title\" content=\"Oprema - M-interijer\" \/>\n<meta property=\"og:description\" content=\"Materijali - Oprema Oprema za kuhinje kao i drugi namje\u0161taj u ponudi je od renomiranih Europskih tvrtki ( SCHACHERMAYER, GRASS, WURTH, HEFFELE,...). Sve na\u0161e ladice su s amortizerima ( Tandembox \/ Nova Pro Delux ) u standardnoj opremi, kao i amortizeri na frontama ( Blum ).\" \/>\n<meta property=\"og:url\" content=\"https:\/\/m-interijer.hr\/site\/materijali\/oprema\/\" \/>\n<meta property=\"og:site_name\" content=\"M-interijer\" \/>\n<meta property=\"article:modified_time\" content=\"2018-03-11T22:42:42+00:00\" \/>\n<meta property=\"og:image\" content=\"https:\/\/www.m-interijer.hr\/images\/logo\/gemma.jpg\" \/>\n<meta name=\"twitter:card\" content=\"summary_large_image\" \/>\n<meta name=\"twitter:label1\" content=\"Est. reading time\" \/>\n\t<meta name=\"twitter:data1\" content=\"2 minutes\" \/>\n<script type=\"application\/ld+json\" class=\"yoast-schema-graph\">{\"@context\":\"https:\/\/schema.org\",\"@graph\":[{\"@type\":\"WebPage\",\"@id\":\"https:\/\/m-interijer.hr\/site\/materijali\/oprema\/\",\"url\":\"https:\/\/m-interijer.hr\/site\/materijali\/oprema\/\",\"name\":\"Oprema - M-interijer\",\"isPartOf\":{\"@id\":\"https:\/\/m-interijer.hr\/site\/#website\"},\"primaryImageOfPage\":{\"@id\":\"https:\/\/m-interijer.hr\/site\/materijali\/oprema\/#primaryimage\"},\"image\":{\"@id\":\"https:\/\/m-interijer.hr\/site\/materijali\/oprema\/#primaryimage\"},\"thumbnailUrl\":\"https:\/\/www.m-interijer.hr\/images\/logo\/gemma.jpg\",\"datePublished\":\"2018-02-28T12:14:17+00:00\",\"dateModified\":\"2018-03-11T22:42:42+00:00\",\"description\":\"Materijali - Oprema Oprema za kuhinje kao i drugi namje\u0161taj u ponudi je od renomiranih Europskih tvrtki ( SCHACHERMAYER, GRASS, WURTH, HEFFELE,...). Sve na\u0161e ladice su s amortizerima ( Tandembox \/ Nova Pro Delux ) u standardnoj opremi, kao i amortizeri na frontama ( Blum ).\",\"breadcrumb\":{\"@id\":\"https:\/\/m-interijer.hr\/site\/materijali\/oprema\/#breadcrumb\"},\"inLanguage\":\"hr-HR\",\"potentialAction\":[{\"@type\":\"ReadAction\",\"target\":[\"https:\/\/m-interijer.hr\/site\/materijali\/oprema\/\"]}]},{\"@type\":\"ImageObject\",\"inLanguage\":\"hr-HR\",\"@id\":\"https:\/\/m-interijer.hr\/site\/materijali\/oprema\/#primaryimage\",\"url\":\"https:\/\/www.m-interijer.hr\/images\/logo\/gemma.jpg\",\"contentUrl\":\"https:\/\/www.m-interijer.hr\/images\/logo\/gemma.jpg\"},{\"@type\":\"BreadcrumbList\",\"@id\":\"https:\/\/m-interijer.hr\/site\/materijali\/oprema\/#breadcrumb\",\"itemListElement\":[{\"@type\":\"ListItem\",\"position\":1,\"name\":\"Po\u010detna stranica\",\"item\":\"https:\/\/m-interijer.hr\/site\/\"},{\"@type\":\"ListItem\",\"position\":2,\"name\":\"Materijali\",\"item\":\"https:\/\/m-interijer.hr\/site\/materijali\/\"},{\"@type\":\"ListItem\",\"position\":3,\"name\":\"Oprema\"}]},{\"@type\":\"WebSite\",\"@id\":\"https:\/\/m-interijer.hr\/site\/#website\",\"url\":\"https:\/\/m-interijer.hr\/site\/\",\"name\":\"M-interijer\",\"description\":\"Namje\u0161taj po mjeri\",\"publisher\":{\"@id\":\"https:\/\/m-interijer.hr\/site\/#organization\"},\"inLanguage\":\"hr-HR\"},{\"@type\":\"Organization\",\"@id\":\"https:\/\/m-interijer.hr\/site\/#organization\",\"name\":\"M interijer\",\"url\":\"https:\/\/m-interijer.hr\/site\/\",\"logo\":{\"@type\":\"ImageObject\",\"inLanguage\":\"hr-HR\",\"@id\":\"https:\/\/m-interijer.hr\/site\/#\/schema\/logo\/image\/\",\"url\":\"https:\/\/m-interijer.hr\/site\/wp-content\/uploads\/2018\/02\/logo_final.jpg\",\"contentUrl\":\"https:\/\/m-interijer.hr\/site\/wp-content\/uploads\/2018\/02\/logo_final.jpg\",\"width\":864,\"height\":262,\"caption\":\"M interijer\"},\"image\":{\"@id\":\"https:\/\/m-interijer.hr\/site\/#\/schema\/logo\/image\/\"}}]}<\/script>\n<!-- \/ Yoast SEO plugin. -->","yoast_head_json":{"title":"Oprema - M-interijer","description":"Materijali - Oprema Oprema za kuhinje kao i drugi namje\u0161taj u ponudi je od renomiranih Europskih tvrtki ( SCHACHERMAYER, GRASS, WURTH, HEFFELE,...). Sve na\u0161e ladice su s amortizerima ( Tandembox \/ Nova Pro Delux ) u standardnoj opremi, kao i amortizeri na frontama ( Blum ).","robots":{"index":"index","follow":"follow","max-snippet":"max-snippet:-1","max-image-preview":"max-image-preview:large","max-video-preview":"max-video-preview:-1"},"canonical":"https:\/\/m-interijer.hr\/site\/materijali\/oprema\/","og_locale":"hr_HR","og_type":"article","og_title":"Oprema - M-interijer","og_description":"Materijali - Oprema Oprema za kuhinje kao i drugi namje\u0161taj u ponudi je od renomiranih Europskih tvrtki ( SCHACHERMAYER, GRASS, WURTH, HEFFELE,...). Sve na\u0161e ladice su s amortizerima ( Tandembox \/ Nova Pro Delux ) u standardnoj opremi, kao i amortizeri na frontama ( Blum ).","og_url":"https:\/\/m-interijer.hr\/site\/materijali\/oprema\/","og_site_name":"M-interijer","article_modified_time":"2018-03-11T22:42:42+00:00","og_image":[{"url":"https:\/\/www.m-interijer.hr\/images\/logo\/gemma.jpg","type":"","width":"","height":""}],"twitter_card":"summary_large_image","twitter_misc":{"Est. reading time":"2 minutes"},"schema":{"@context":"https:\/\/schema.org","@graph":[{"@type":"WebPage","@id":"https:\/\/m-interijer.hr\/site\/materijali\/oprema\/","url":"https:\/\/m-interijer.hr\/site\/materijali\/oprema\/","name":"Oprema - M-interijer","isPartOf":{"@id":"https:\/\/m-interijer.hr\/site\/#website"},"primaryImageOfPage":{"@id":"https:\/\/m-interijer.hr\/site\/materijali\/oprema\/#primaryimage"},"image":{"@id":"https:\/\/m-interijer.hr\/site\/materijali\/oprema\/#primaryimage"},"thumbnailUrl":"https:\/\/www.m-interijer.hr\/images\/logo\/gemma.jpg","datePublished":"2018-02-28T12:14:17+00:00","dateModified":"2018-03-11T22:42:42+00:00","description":"Materijali - Oprema Oprema za kuhinje kao i drugi namje\u0161taj u ponudi je od renomiranih Europskih tvrtki ( SCHACHERMAYER, GRASS, WURTH, HEFFELE,...). Sve na\u0161e ladice su s amortizerima ( Tandembox \/ Nova Pro Delux ) u standardnoj opremi, kao i amortizeri na frontama ( Blum ).","breadcrumb":{"@id":"https:\/\/m-interijer.hr\/site\/materijali\/oprema\/#breadcrumb"},"inLanguage":"hr-HR","potentialAction":[{"@type":"ReadAction","target":["https:\/\/m-interijer.hr\/site\/materijali\/oprema\/"]}]},{"@type":"ImageObject","inLanguage":"hr-HR","@id":"https:\/\/m-interijer.hr\/site\/materijali\/oprema\/#primaryimage","url":"https:\/\/www.m-interijer.hr\/images\/logo\/gemma.jpg","contentUrl":"https:\/\/www.m-interijer.hr\/images\/logo\/gemma.jpg"},{"@type":"BreadcrumbList","@id":"https:\/\/m-interijer.hr\/site\/materijali\/oprema\/#breadcrumb","itemListElement":[{"@type":"ListItem","position":1,"name":"Po\u010detna stranica","item":"https:\/\/m-interijer.hr\/site\/"},{"@type":"ListItem","position":2,"name":"Materijali","item":"https:\/\/m-interijer.hr\/site\/materijali\/"},{"@type":"ListItem","position":3,"name":"Oprema"}]},{"@type":"WebSite","@id":"https:\/\/m-interijer.hr\/site\/#website","url":"https:\/\/m-interijer.hr\/site\/","name":"M-interijer","description":"Namje\u0161taj po mjeri","publisher":{"@id":"https:\/\/m-interijer.hr\/site\/#organization"},"inLanguage":"hr-HR"},{"@type":"Organization","@id":"https:\/\/m-interijer.hr\/site\/#organization","name":"M interijer","url":"https:\/\/m-interijer.hr\/site\/","logo":{"@type":"ImageObject","inLanguage":"hr-HR","@id":"https:\/\/m-interijer.hr\/site\/#\/schema\/logo\/image\/","url":"https:\/\/m-interijer.hr\/site\/wp-content\/uploads\/2018\/02\/logo_final.jpg","contentUrl":"https:\/\/m-interijer.hr\/site\/wp-content\/uploads\/2018\/02\/logo_final.jpg","width":864,"height":262,"caption":"M interijer"},"image":{"@id":"https:\/\/m-interijer.hr\/site\/#\/schema\/logo\/image\/"}}]}},"_links":{"self":[{"href":"https:\/\/m-interijer.hr\/site\/wp-json\/wp\/v2\/pages\/1385"}],"collection":[{"href":"https:\/\/m-interijer.hr\/site\/wp-json\/wp\/v2\/pages"}],"about":[{"href":"https:\/\/m-interijer.hr\/site\/wp-json\/wp\/v2\/types\/page"}],"author":[{"embeddable":true,"href":"https:\/\/m-interijer.hr\/site\/wp-json\/wp\/v2\/users\/1"}],"replies":[{"embeddable":true,"href":"https:\/\/m-interijer.hr\/site\/wp-json\/wp\/v2\/comments?post=1385"}],"version-history":[{"count":15,"href":"https:\/\/m-interijer.hr\/site\/wp-json\/wp\/v2\/pages\/1385\/revisions"}],"predecessor-version":[{"id":2220,"href":"https:\/\/m-interijer.hr\/site\/wp-json\/wp\/v2\/pages\/1385\/revisions\/2220"}],"up":[{"embeddable":true,"href":"https:\/\/m-interijer.hr\/site\/wp-json\/wp\/v2\/pages\/1370"}],"wp:attachment":[{"href":"https:\/\/m-interijer.hr\/site\/wp-json\/wp\/v2\/media?parent=1385"}],"curies":[{"name":"wp","href":"https:\/\/api.w.org\/{rel}","templated":true}]}}