{"id":1378,"date":"2018-02-28T11:01:50","date_gmt":"2018-02-28T11:01:50","guid":{"rendered":"http:\/\/m-interijer.hr\/site\/?page_id=1378"},"modified":"2018-03-11T22:33:43","modified_gmt":"2018-03-11T22:33:43","slug":"iverali","status":"publish","type":"page","link":"https:\/\/m-interijer.hr\/site\/materijali\/iverali\/","title":{"rendered":"Iverali i radne plo\u010de"},"content":{"rendered":"<p>[et_pb_section bb_built=&#8221;1&#8243; background_color=&#8221;#ffffff&#8221; _builder_version=&#8221;3.0.105&#8243;][et_pb_row][et_pb_column type=&#8221;4_4&#8243;][et_pb_blurb title=&#8221;Iverali i radne plo\u010de&#8221; background_layout=&#8221;light&#8221; _builder_version=&#8221;3.0.106&#8243; header_level=&#8221;h3&#8243; header_font=&#8221;|700|||||||&#8221; use_icon=&#8221;off&#8221; url_new_window=&#8221;off&#8221; use_circle=&#8221;off&#8221; use_circle_border=&#8221;off&#8221; icon_placement=&#8221;top&#8221; use_icon_font_size=&#8221;off&#8221; image=&#8221;http:\/\/m-interijer.hr\/site\/wp-content\/uploads\/2018\/03\/Iverali-RadnePloce-v.png&#8221; content_max_width=&#8221;800px&#8221;]<\/p>\n<p>Za izradu korpusa ili elemenata Va\u0161e kuhinje M INTERIJER Vam nudi 200-tinjak razli\u010ditih dezena iverala renomiranih europskih tvrtki EGGER, KAINDL i FUNDER.\u00a0U takvoj ponudi sigurni smo da \u0107e te prona\u0107i kombinaciju boja i dezena koja \u0107e se idealno uklopiti u prostor Va\u0161eg doma. Sve korpuse kantiramo abs-om 0,5 ili 1 mm.<\/p>\n<p>Za Va\u0161u kuhinju preporu\u010dit \u0107emo 100-tinjak dezena radnih plo\u010da tvrtke EGGER, KAINDL i FUNDER proizvedenih u debljini 38 mm,\u00a0par\u00a0dekora u debljini 60 mm. 20-tak dekora radnih plo\u010da imamo i u dubini 90 cm kao i dva zidna panela u boji radne plo\u010de.<\/p>\n<p>U modernoj proizvodnji kuhinja vodstvo u izradi radnih plo\u010da preuzima\u00a0KERROCK koji je po svojim svojstvima i izgledu neusporediv sa svim drugim materijalima, a M INTERIJER \u0107e Vam ponuditi izbor od 100 dezena u vi\u0161e debljina. S tim materijalom Va\u0161e radne plo\u010de sa nevidljivim spojevima bit \u0107e oblikovane bez ograni\u010denja u dimenzijama i obliku.<\/p>\n<p>Kompletnu ponudu mo\u017eete pogledati na stranicama na\u0161ih dobavlja\u010da<\/p>\n<p>[\/et_pb_blurb][\/et_pb_column][\/et_pb_row][et_pb_row _builder_version=&#8221;3.0.105&#8243; module_alignment=&#8221;center&#8221; use_custom_width=&#8221;on&#8221; custom_width_px=&#8221;800px&#8221;][et_pb_column type=&#8221;1_3&#8243;][et_pb_image admin_label=&#8221;Elgrad&#8221; _builder_version=&#8221;3.0.105&#8243; show_in_lightbox=&#8221;off&#8221; url=&#8221;http:\/\/www.elgrad.hr\/kategorija-proizvoda\/materijali\/&#8221; url_new_window=&#8221;on&#8221; src=&#8221;http:\/\/m-interijer.hr\/site\/wp-content\/uploads\/2018\/03\/logo-elgrad.png&#8221; always_center_on_mobile=&#8221;on&#8221; use_overlay=&#8221;off&#8221; force_fullwidth=&#8221;off&#8221; show_bottom_space=&#8221;on&#8221; \/][\/et_pb_column][et_pb_column type=&#8221;1_3&#8243;][et_pb_image admin_label=&#8221;Elektrometal&#8221; _builder_version=&#8221;3.0.105&#8243; show_in_lightbox=&#8221;off&#8221; url=&#8221;http:\/\/www.elektrometal-porec.hr\/Elektrometal%20drvni%20centar\/index.html&#8221; url_new_window=&#8221;on&#8221; src=&#8221;http:\/\/m-interijer.hr\/site\/wp-content\/uploads\/2018\/03\/logo-emp.png&#8221; always_center_on_mobile=&#8221;on&#8221; use_overlay=&#8221;off&#8221; force_fullwidth=&#8221;off&#8221; show_bottom_space=&#8221;on&#8221; \/][\/et_pb_column][et_pb_column type=&#8221;1_3&#8243;][et_pb_image admin_label=&#8221;Iverpan&#8221; _builder_version=&#8221;3.0.105&#8243; show_in_lightbox=&#8221;off&#8221; url=&#8221;https:\/\/iverpan.hr\/&#8221; url_new_window=&#8221;on&#8221; src=&#8221;http:\/\/m-interijer.hr\/site\/wp-content\/uploads\/2018\/03\/logo-iverpan.png&#8221; always_center_on_mobile=&#8221;on&#8221; use_overlay=&#8221;off&#8221; force_fullwidth=&#8221;off&#8221; show_bottom_space=&#8221;on&#8221; \/][\/et_pb_column][\/et_pb_row][\/et_pb_section]<\/p>\n","protected":false},"excerpt":{"rendered":"<p>[et_pb_section bb_built=&#8221;1&#8243; background_color=&#8221;#ffffff&#8221; _builder_version=&#8221;3.0.105&#8243;][et_pb_row][et_pb_column type=&#8221;4_4&#8243;][et_pb_blurb title=&#8221;Iverali i radne plo\u010de&#8221; background_layout=&#8221;light&#8221; _builder_version=&#8221;3.0.106&#8243; header_level=&#8221;h3&#8243; header_font=&#8221;|700|||||||&#8221; use_icon=&#8221;off&#8221; url_new_window=&#8221;off&#8221; use_circle=&#8221;off&#8221; use_circle_border=&#8221;off&#8221; icon_placement=&#8221;top&#8221; use_icon_font_size=&#8221;off&#8221; image=&#8221;http:\/\/m-interijer.hr\/site\/wp-content\/uploads\/2018\/03\/Iverali-RadnePloce-v.png&#8221; content_max_width=&#8221;800px&#8221;] Za izradu korpusa ili elemenata Va\u0161e kuhinje M INTERIJER Vam nudi 200-tinjak razli\u010ditih dezena iverala renomiranih europskih tvrtki EGGER, KAINDL i FUNDER.\u00a0U takvoj ponudi sigurni smo da \u0107e te prona\u0107i kombinaciju boja i dezena [&hellip;]<\/p>\n","protected":false},"author":1,"featured_media":0,"parent":1370,"menu_order":0,"comment_status":"closed","ping_status":"closed","template":"","meta":{"_et_pb_use_builder":"on","_et_pb_old_content":"","footnotes":""},"class_list":["post-1378","page","type-page","status-publish","hentry"],"yoast_head":"<!-- This site is optimized with the Yoast SEO plugin v24.6 - https:\/\/yoast.com\/wordpress\/plugins\/seo\/ -->\n<title>Iverali i radne plo\u010de - M-interijer<\/title>\n<meta name=\"robots\" content=\"index, follow, max-snippet:-1, max-image-preview:large, max-video-preview:-1\" \/>\n<link rel=\"canonical\" href=\"https:\/\/m-interijer.hr\/site\/materijali\/iverali\/\" \/>\n<meta property=\"og:locale\" content=\"hr_HR\" \/>\n<meta property=\"og:type\" content=\"article\" \/>\n<meta property=\"og:title\" content=\"Iverali i radne plo\u010de - M-interijer\" \/>\n<meta property=\"og:description\" content=\"[et_pb_section bb_built=&#8221;1&#8243; background_color=&#8221;#ffffff&#8221; _builder_version=&#8221;3.0.105&#8243;][et_pb_row][et_pb_column type=&#8221;4_4&#8243;][et_pb_blurb title=&#8221;Iverali i radne plo\u010de&#8221; background_layout=&#8221;light&#8221; _builder_version=&#8221;3.0.106&#8243; header_level=&#8221;h3&#8243; header_font=&#8221;|700|||||||&#8221; use_icon=&#8221;off&#8221; url_new_window=&#8221;off&#8221; use_circle=&#8221;off&#8221; use_circle_border=&#8221;off&#8221; icon_placement=&#8221;top&#8221; use_icon_font_size=&#8221;off&#8221; image=&#8221;http:\/\/m-interijer.hr\/site\/wp-content\/uploads\/2018\/03\/Iverali-RadnePloce-v.png&#8221; content_max_width=&#8221;800px&#8221;] Za izradu korpusa ili elemenata Va\u0161e kuhinje M INTERIJER Vam nudi 200-tinjak razli\u010ditih dezena iverala renomiranih europskih tvrtki EGGER, KAINDL i FUNDER.\u00a0U takvoj ponudi sigurni smo da \u0107e te prona\u0107i kombinaciju boja i dezena [&hellip;]\" \/>\n<meta property=\"og:url\" content=\"https:\/\/m-interijer.hr\/site\/materijali\/iverali\/\" \/>\n<meta property=\"og:site_name\" content=\"M-interijer\" \/>\n<meta property=\"article:modified_time\" content=\"2018-03-11T22:33:43+00:00\" \/>\n<meta name=\"twitter:card\" content=\"summary_large_image\" \/>\n<meta name=\"twitter:label1\" content=\"Est. reading time\" \/>\n\t<meta name=\"twitter:data1\" content=\"2 minutes\" \/>\n<script type=\"application\/ld+json\" class=\"yoast-schema-graph\">{\"@context\":\"https:\/\/schema.org\",\"@graph\":[{\"@type\":\"WebPage\",\"@id\":\"https:\/\/m-interijer.hr\/site\/materijali\/iverali\/\",\"url\":\"https:\/\/m-interijer.hr\/site\/materijali\/iverali\/\",\"name\":\"Iverali i radne plo\u010de - M-interijer\",\"isPartOf\":{\"@id\":\"https:\/\/m-interijer.hr\/site\/#website\"},\"datePublished\":\"2018-02-28T11:01:50+00:00\",\"dateModified\":\"2018-03-11T22:33:43+00:00\",\"breadcrumb\":{\"@id\":\"https:\/\/m-interijer.hr\/site\/materijali\/iverali\/#breadcrumb\"},\"inLanguage\":\"hr-HR\",\"potentialAction\":[{\"@type\":\"ReadAction\",\"target\":[\"https:\/\/m-interijer.hr\/site\/materijali\/iverali\/\"]}]},{\"@type\":\"BreadcrumbList\",\"@id\":\"https:\/\/m-interijer.hr\/site\/materijali\/iverali\/#breadcrumb\",\"itemListElement\":[{\"@type\":\"ListItem\",\"position\":1,\"name\":\"Po\u010detna stranica\",\"item\":\"https:\/\/m-interijer.hr\/site\/\"},{\"@type\":\"ListItem\",\"position\":2,\"name\":\"Materijali\",\"item\":\"https:\/\/m-interijer.hr\/site\/materijali\/\"},{\"@type\":\"ListItem\",\"position\":3,\"name\":\"Iverali i radne plo\u010de\"}]},{\"@type\":\"WebSite\",\"@id\":\"https:\/\/m-interijer.hr\/site\/#website\",\"url\":\"https:\/\/m-interijer.hr\/site\/\",\"name\":\"M-interijer\",\"description\":\"Namje\u0161taj po mjeri\",\"publisher\":{\"@id\":\"https:\/\/m-interijer.hr\/site\/#organization\"},\"inLanguage\":\"hr-HR\"},{\"@type\":\"Organization\",\"@id\":\"https:\/\/m-interijer.hr\/site\/#organization\",\"name\":\"M interijer\",\"url\":\"https:\/\/m-interijer.hr\/site\/\",\"logo\":{\"@type\":\"ImageObject\",\"inLanguage\":\"hr-HR\",\"@id\":\"https:\/\/m-interijer.hr\/site\/#\/schema\/logo\/image\/\",\"url\":\"https:\/\/m-interijer.hr\/site\/wp-content\/uploads\/2018\/02\/logo_final.jpg\",\"contentUrl\":\"https:\/\/m-interijer.hr\/site\/wp-content\/uploads\/2018\/02\/logo_final.jpg\",\"width\":864,\"height\":262,\"caption\":\"M interijer\"},\"image\":{\"@id\":\"https:\/\/m-interijer.hr\/site\/#\/schema\/logo\/image\/\"}}]}<\/script>\n<!-- \/ Yoast SEO plugin. -->","yoast_head_json":{"title":"Iverali i radne plo\u010de - M-interijer","robots":{"index":"index","follow":"follow","max-snippet":"max-snippet:-1","max-image-preview":"max-image-preview:large","max-video-preview":"max-video-preview:-1"},"canonical":"https:\/\/m-interijer.hr\/site\/materijali\/iverali\/","og_locale":"hr_HR","og_type":"article","og_title":"Iverali i radne plo\u010de - M-interijer","og_description":"[et_pb_section bb_built=&#8221;1&#8243; background_color=&#8221;#ffffff&#8221; _builder_version=&#8221;3.0.105&#8243;][et_pb_row][et_pb_column type=&#8221;4_4&#8243;][et_pb_blurb title=&#8221;Iverali i radne plo\u010de&#8221; background_layout=&#8221;light&#8221; _builder_version=&#8221;3.0.106&#8243; header_level=&#8221;h3&#8243; header_font=&#8221;|700|||||||&#8221; use_icon=&#8221;off&#8221; url_new_window=&#8221;off&#8221; use_circle=&#8221;off&#8221; use_circle_border=&#8221;off&#8221; icon_placement=&#8221;top&#8221; use_icon_font_size=&#8221;off&#8221; image=&#8221;http:\/\/m-interijer.hr\/site\/wp-content\/uploads\/2018\/03\/Iverali-RadnePloce-v.png&#8221; content_max_width=&#8221;800px&#8221;] Za izradu korpusa ili elemenata Va\u0161e kuhinje M INTERIJER Vam nudi 200-tinjak razli\u010ditih dezena iverala renomiranih europskih tvrtki EGGER, KAINDL i FUNDER.\u00a0U takvoj ponudi sigurni smo da \u0107e te prona\u0107i kombinaciju boja i dezena [&hellip;]","og_url":"https:\/\/m-interijer.hr\/site\/materijali\/iverali\/","og_site_name":"M-interijer","article_modified_time":"2018-03-11T22:33:43+00:00","twitter_card":"summary_large_image","twitter_misc":{"Est. reading time":"2 minutes"},"schema":{"@context":"https:\/\/schema.org","@graph":[{"@type":"WebPage","@id":"https:\/\/m-interijer.hr\/site\/materijali\/iverali\/","url":"https:\/\/m-interijer.hr\/site\/materijali\/iverali\/","name":"Iverali i radne plo\u010de - M-interijer","isPartOf":{"@id":"https:\/\/m-interijer.hr\/site\/#website"},"datePublished":"2018-02-28T11:01:50+00:00","dateModified":"2018-03-11T22:33:43+00:00","breadcrumb":{"@id":"https:\/\/m-interijer.hr\/site\/materijali\/iverali\/#breadcrumb"},"inLanguage":"hr-HR","potentialAction":[{"@type":"ReadAction","target":["https:\/\/m-interijer.hr\/site\/materijali\/iverali\/"]}]},{"@type":"BreadcrumbList","@id":"https:\/\/m-interijer.hr\/site\/materijali\/iverali\/#breadcrumb","itemListElement":[{"@type":"ListItem","position":1,"name":"Po\u010detna stranica","item":"https:\/\/m-interijer.hr\/site\/"},{"@type":"ListItem","position":2,"name":"Materijali","item":"https:\/\/m-interijer.hr\/site\/materijali\/"},{"@type":"ListItem","position":3,"name":"Iverali i radne plo\u010de"}]},{"@type":"WebSite","@id":"https:\/\/m-interijer.hr\/site\/#website","url":"https:\/\/m-interijer.hr\/site\/","name":"M-interijer","description":"Namje\u0161taj po mjeri","publisher":{"@id":"https:\/\/m-interijer.hr\/site\/#organization"},"inLanguage":"hr-HR"},{"@type":"Organization","@id":"https:\/\/m-interijer.hr\/site\/#organization","name":"M interijer","url":"https:\/\/m-interijer.hr\/site\/","logo":{"@type":"ImageObject","inLanguage":"hr-HR","@id":"https:\/\/m-interijer.hr\/site\/#\/schema\/logo\/image\/","url":"https:\/\/m-interijer.hr\/site\/wp-content\/uploads\/2018\/02\/logo_final.jpg","contentUrl":"https:\/\/m-interijer.hr\/site\/wp-content\/uploads\/2018\/02\/logo_final.jpg","width":864,"height":262,"caption":"M interijer"},"image":{"@id":"https:\/\/m-interijer.hr\/site\/#\/schema\/logo\/image\/"}}]}},"_links":{"self":[{"href":"https:\/\/m-interijer.hr\/site\/wp-json\/wp\/v2\/pages\/1378"}],"collection":[{"href":"https:\/\/m-interijer.hr\/site\/wp-json\/wp\/v2\/pages"}],"about":[{"href":"https:\/\/m-interijer.hr\/site\/wp-json\/wp\/v2\/types\/page"}],"author":[{"embeddable":true,"href":"https:\/\/m-interijer.hr\/site\/wp-json\/wp\/v2\/users\/1"}],"replies":[{"embeddable":true,"href":"https:\/\/m-interijer.hr\/site\/wp-json\/wp\/v2\/comments?post=1378"}],"version-history":[{"count":12,"href":"https:\/\/m-interijer.hr\/site\/wp-json\/wp\/v2\/pages\/1378\/revisions"}],"predecessor-version":[{"id":2215,"href":"https:\/\/m-interijer.hr\/site\/wp-json\/wp\/v2\/pages\/1378\/revisions\/2215"}],"up":[{"embeddable":true,"href":"https:\/\/m-interijer.hr\/site\/wp-json\/wp\/v2\/pages\/1370"}],"wp:attachment":[{"href":"https:\/\/m-interijer.hr\/site\/wp-json\/wp\/v2\/media?parent=1378"}],"curies":[{"name":"wp","href":"https:\/\/api.w.org\/{rel}","templated":true}]}}

Iverali i radne ploče

<p>[et_pb_section bb_built=&#8221;1&#8243; background_color=&#8221;#ffffff&#8221; _builder_version=&#8221;3.0.105&#8243;][et_pb_row][et_pb_column type=&#8221;4_4&#8243;][et_pb_blurb title=&#8221;Iverali i radne ploče&#8221; background_layout=&#8221;light&#8221; _builder_version=&#8221;3.0.106&#8243; header_level=&#8221;h3&#8243; header_font=&#8221;|700|||||||&#8221; use_icon=&#8221;off&#8221; url_new_window=&#8221;off&#8221; use_circle=&#8221;off&#8221; use_circle_border=&#8221;off&#8221; icon_placement=&#8221;top&#8221; use_icon_font_size=&#8221;off&#8221; image=&#8221;http://m-interijer.hr/site/wp-content/uploads/2018/03/Iverali-RadnePloce-v.png&#8221; content_max_width=&#8221;800px&#8221;]</p>
<p>Za izradu korpusa ili elemenata Vaše kuhinje M INTERIJER Vam nudi 200-tinjak različitih dezena iverala renomiranih europskih tvrtki EGGER, KAINDL i FUNDER. U takvoj ponudi sigurni smo da će te pronaći kombinaciju boja i dezena koja će se idealno uklopiti u prostor Vašeg doma. Sve korpuse kantiramo abs-om 0,5 ili 1 mm.</p>
<p>Za Vašu kuhinju preporučit ćemo 100-tinjak dezena radnih ploča tvrtke EGGER, KAINDL i FUNDER proizvedenih u debljini 38 mm, par dekora u debljini 60 mm. 20-tak dekora radnih ploča imamo i u dubini 90 cm kao i dva zidna panela u boji radne ploče.</p>
<p>U modernoj proizvodnji kuhinja vodstvo u izradi radnih ploča preuzima KERROCK koji je po svojim svojstvima i izgledu neusporediv sa svim drugim materijalima, a M INTERIJER će Vam ponuditi izbor od 100 dezena u više debljina. S tim materijalom Vaše radne ploče sa nevidljivim spojevima bit će oblikovane bez ograničenja u dimenzijama i obliku.</p>
<p>Kompletnu ponudu možete pogledati na stranicama naših dobavljača</p>
<p>[/et_pb_blurb][/et_pb_column][/et_pb_row][et_pb_row _builder_version=&#8221;3.0.105&#8243; module_alignment=&#8221;center&#8221; use_custom_width=&#8221;on&#8221; custom_width_px=&#8221;800px&#8221;][et_pb_column type=&#8221;1_3&#8243;][et_pb_image admin_label=&#8221;Elgrad&#8221; _builder_version=&#8221;3.0.105&#8243; show_in_lightbox=&#8221;off&#8221; url=&#8221;http://www.elgrad.hr/kategorija-proizvoda/materijali/&#8221; url_new_window=&#8221;on&#8221; src=&#8221;http://m-interijer.hr/site/wp-content/uploads/2018/03/logo-elgrad.png&#8221; always_center_on_mobile=&#8221;on&#8221; use_overlay=&#8221;off&#8221; force_fullwidth=&#8221;off&#8221; show_bottom_space=&#8221;on&#8221; /][/et_pb_column][et_pb_column type=&#8221;1_3&#8243;][et_pb_image admin_label=&#8221;Elektrometal&#8221; _builder_version=&#8221;3.0.105&#8243; show_in_lightbox=&#8221;off&#8221; url=&#8221;http://www.elektrometal-porec.hr/Elektrometal%20drvni%20centar/index.html&#8221; url_new_window=&#8221;on&#8221; src=&#8221;http://m-interijer.hr/site/wp-content/uploads/2018/03/logo-emp.png&#8221; always_center_on_mobile=&#8221;on&#8221; use_overlay=&#8221;off&#8221; force_fullwidth=&#8221;off&#8221; show_bottom_space=&#8221;on&#8221; /][/et_pb_column][et_pb_column type=&#8221;1_3&#8243;][et_pb_image admin_label=&#8221;Iverpan&#8221; _builder_version=&#8221;3.0.105&#8243; show_in_lightbox=&#8221;off&#8221; url=&#8221;https://iverpan.hr/&#8221; url_new_window=&#8221;on&#8221; src=&#8221;http://m-interijer.hr/site/wp-content/uploads/2018/03/logo-iverpan.png&#8221; always_center_on_mobile=&#8221;on&#8221; use_overlay=&#8221;off&#8221; force_fullwidth=&#8221;off&#8221; show_bottom_space=&#8221;on&#8221; /][/et_pb_column][/et_pb_row][/et_pb_section]</p>

<p>[et_pb_section bb_built=&#8221;1&#8243; background_color=&#8221;#ffffff&#8221; _builder_version=&#8221;3.0.105&#8243;][et_pb_row][et_pb_column type=&#8221;4_4&#8243;][et_pb_blurb title=&#8221;Iverali i radne ploče&#8221; background_layout=&#8221;light&#8221; _builder_version=&#8221;3.0.106&#8243; header_level=&#8221;h3&#8243; header_font=&#8221;|700|||||||&#8221; use_icon=&#8221;off&#8221; url_new_window=&#8221;off&#8221; use_circle=&#8221;off&#8221; use_circle_border=&#8221;off&#8221; icon_placement=&#8221;top&#8221; use_icon_font_size=&#8221;off&#8221; image=&#8221;http://m-interijer.hr/site/wp-content/uploads/2018/03/Iverali-RadnePloce-v.png&#8221; content_max_width=&#8221;800px&#8221;] Za izradu korpusa ili elemenata Vaše kuhinje M INTERIJER Vam nudi 200-tinjak različitih dezena iverala renomiranih europskih tvrtki EGGER, KAINDL i FUNDER. U takvoj ponudi sigurni smo da će te pronaći kombinaciju boja i dezena [&hellip;]</p>

<!-- This site is optimized with the Yoast SEO plugin v24.6 - https://yoast.com/wordpress/plugins/seo/ -->
<title>Iverali i radne ploče - M-interijer</title>
<meta name="robots" content="index, follow, max-snippet:-1, max-image-preview:large, max-video-preview:-1" />
<link rel="canonical" href="https://m-interijer.hr/site/materijali/iverali/" />
<meta property="og:locale" content="hr_HR" />
<meta property="og:type" content="article" />
<meta property="og:title" content="Iverali i radne ploče - M-interijer" />
<meta property="og:description" content="[et_pb_section bb_built=&#8221;1&#8243; background_color=&#8221;#ffffff&#8221; _builder_version=&#8221;3.0.105&#8243;][et_pb_row][et_pb_column type=&#8221;4_4&#8243;][et_pb_blurb title=&#8221;Iverali i radne ploče&#8221; background_layout=&#8221;light&#8221; _builder_version=&#8221;3.0.106&#8243; header_level=&#8221;h3&#8243; header_font=&#8221;|700|||||||&#8221; use_icon=&#8221;off&#8221; url_new_window=&#8221;off&#8221; use_circle=&#8221;off&#8221; use_circle_border=&#8221;off&#8221; icon_placement=&#8221;top&#8221; use_icon_font_size=&#8221;off&#8221; image=&#8221;http://m-interijer.hr/site/wp-content/uploads/2018/03/Iverali-RadnePloce-v.png&#8221; content_max_width=&#8221;800px&#8221;] Za izradu korpusa ili elemenata Vaše kuhinje M INTERIJER Vam nudi 200-tinjak različitih dezena iverala renomiranih europskih tvrtki EGGER, KAINDL i FUNDER. U takvoj ponudi sigurni smo da će te pronaći kombinaciju boja i dezena [&hellip;]" />
<meta property="og:url" content="https://m-interijer.hr/site/materijali/iverali/" />
<meta property="og:site_name" content="M-interijer" />
<meta property="article:modified_time" content="2018-03-11T22:33:43+00:00" />
<meta name="twitter:card" content="summary_large_image" />
<meta name="twitter:label1" content="Est. reading time" />
	<meta name="twitter:data1" content="2 minutes" />
<script type="application/ld+json" class="yoast-schema-graph">{"@context":"https://schema.org","@graph":[{"@type":"WebPage","@id":"https://m-interijer.hr/site/materijali/iverali/","url":"https://m-interijer.hr/site/materijali/iverali/","name":"Iverali i radne ploče - M-interijer","isPartOf":{"@id":"https://m-interijer.hr/site/#website"},"datePublished":"2018-02-28T11:01:50+00:00","dateModified":"2018-03-11T22:33:43+00:00","breadcrumb":{"@id":"https://m-interijer.hr/site/materijali/iverali/#breadcrumb"},"inLanguage":"hr-HR","potentialAction":[{"@type":"ReadAction","target":["https://m-interijer.hr/site/materijali/iverali/"]}]},{"@type":"BreadcrumbList","@id":"https://m-interijer.hr/site/materijali/iverali/#breadcrumb","itemListElement":[{"@type":"ListItem","position":1,"name":"Početna stranica","item":"https://m-interijer.hr/site/"},{"@type":"ListItem","position":2,"name":"Materijali","item":"https://m-interijer.hr/site/materijali/"},{"@type":"ListItem","position":3,"name":"Iverali i radne ploče"}]},{"@type":"WebSite","@id":"https://m-interijer.hr/site/#website","url":"https://m-interijer.hr/site/","name":"M-interijer","description":"Namještaj po mjeri","publisher":{"@id":"https://m-interijer.hr/site/#organization"},"inLanguage":"hr-HR"},{"@type":"Organization","@id":"https://m-interijer.hr/site/#organization","name":"M interijer","url":"https://m-interijer.hr/site/","logo":{"@type":"ImageObject","inLanguage":"hr-HR","@id":"https://m-interijer.hr/site/#/schema/logo/image/","url":"https://m-interijer.hr/site/wp-content/uploads/2018/02/logo_final.jpg","contentUrl":"https://m-interijer.hr/site/wp-content/uploads/2018/02/logo_final.jpg","width":864,"height":262,"caption":"M interijer"},"image":{"@id":"https://m-interijer.hr/site/#/schema/logo/image/"}}]}</script>
<!-- / Yoast SEO plugin. -->

Iverali i radne ploče - M-interijer

[et_pb_section bb_built=&#8221;1&#8243; background_color=&#8221;#ffffff&#8221; _builder_version=&#8221;3.0.105&#8243;][et_pb_row][et_pb_column type=&#8221;4_4&#8243;][et_pb_blurb title=&#8221;Iverali i radne ploče&#8221; background_layout=&#8221;light&#8221; _builder_version=&#8221;3.0.106&#8243; header_level=&#8221;h3&#8243; header_font=&#8221;|700|||||||&#8221; use_icon=&#8221;off&#8221; url_new_window=&#8221;off&#8221; use_circle=&#8221;off&#8221; use_circle_border=&#8221;off&#8221; icon_placement=&#8221;top&#8221; use_icon_font_size=&#8221;off&#8221; image=&#8221;http://m-interijer.hr/site/wp-content/uploads/2018/03/Iverali-RadnePloce-v.png&#8221; content_max_width=&#8221;800px&#8221;] Za izradu korpusa ili elemenata Vaše kuhinje M INTERIJER Vam nudi 200-tinjak različitih dezena iverala renomiranih europskih tvrtki EGGER, KAINDL i FUNDER. U takvoj ponudi sigurni smo da će te pronaći kombinaciju boja i dezena [&hellip;]

Početna stranica

Namještaj po mjeri
